 be (1 - -36) + p + 2. What is the greatest common factor of x and 176?
44
Let j(a) = -a. Let v be j(-4). Let u(t) = 2*t**2 + 85*t - 328. Let i be u(4). What is the greatest common factor of v and i?
4
Let o be 1953/(-62)*(-56)/6. Let h(a) = -a**3 + 6*a**2 - 5*a + 7. Let j be h(5). What is the greatest common factor of o and j?
7
Suppose -2*t - 4*n + 352 = 0, -n = -0*t - 3*t + 507. Let b(l) = -85*l**3 - l**2 - l. Let w be b(-1). What is the highest common divisor of t and w?
85
Let o = -324 + 333. Let d be ((-21)/14)/(o/(-210)). What is the greatest common divisor of d and 105?
35
Let q(d) = -1632*d - 3252. Let x be q(-2). Let n = 10 + 29. Calculate the greatest common divisor of x and n.
3
Suppose 2*s = -5*x + 9, 2*s + 0 - 6 = -2*x. Let u(f) = -3*f + 40. Let z be u(10). Suppose 0 = z*w + 27*w - 185. Calculate the highest common divisor of w and x.
1
Let q = 628 + -4. Let l = q + -476. What is the greatest common divisor of 111 and l?
37
Let p = 7396 + -2402. What is the greatest common divisor of p and 33?
11
Suppose -186*r + 1916 + 3658 + 3726 = 0. What is the highest common factor of 3130 and r?
10
Suppose 6*n + m - 407 = 0, -113*m = -3*n - 116*m + 171. Let p = 43 + -15. What is the greatest common divisor of p and n?
14
Let p(x) = 4*x + 4*x**3 + 5 + 6*x**2 - x**3 - 2*x**3. Let j be p(-5). Suppose -j*o + 15 = -7*o. Calculate the greatest common divisor of 5 and o.
5
Let m be 32/2 - (-126 + 114). Calculate the highest common factor of 17 and m.
1
Let w = 272 + 5. Let p = w + -270. Calculate the highest common divisor of 259 and p.
7
Suppose -2*o - 255 = -c, 1167*o + 1233 = 5*c + 1164*o. What is the greatest common factor of c and 7128?
81
Let g(p) be the second derivative of -2*p**3/3 - p**2/2 - 4*p. Let u be g(-13). Let x be 364/(-6)*u/(-17). Calculate the greatest common divisor of 26 and x.
26
Let h = 651 - 624. Calculate the highest common factor of h and 243.
27
Suppose -108*x + 20 = -104*x, 3*y + 5*x = 13. Let i(p) = 2*p + 17. Let a be i(y). What is the highest common factor of a and 33?
3
Suppose 2*c - 135 = -c. Let y(n) = 22*n - 368. Let u be y(20). What is the highest common divisor of u and c?
9
Suppose -34105 + 7670 = -146*x + 9481. Calculate the highest common factor of x and 1148.
82
Let x(r) = r**3 + 7*r**2 - 10*r + 5. Let a be x(-8). Let w = -89 - -83. Let q be w + 6 + 0 + 168. Calculate the highest common factor of a and q.
21
Suppose 216*p - 221*p + 257 = 4*r, 5*p - 263 = -r. What is the greatest common divisor of 8 and p?
1
Suppose 0 = -59*o + 5642 + 10583. What is the greatest common divisor of 385 and o?
55
Suppose -12*c - 309 + 1125 = 0. Let o = c + -46. What is the greatest common divisor of o and 176?
22
Suppose -194*h + 25973 = 10259. Suppose 5*g - 3*w = 462 + 633, 0 = 3*g + w - 643. Calculate the highest common divisor of g and h.
27
Let b = 37115 + -36995. What is the highest common divisor of 1280 and b?
40
Suppose 0 = l - 0*l - z + 58, 5*l + 3*z = -306. Let k = 102 + l. Let d be (-12)/(-30)*-5 + 30. What is the greatest common divisor of k and d?
14
Let p be (-686)/(-6)*(3 - 0). Let m = -238714 + 238721. Calculate the highest common divisor of p and m.
7
Let d be 31780/300 - (-18)/270. What is the greatest common factor of d and 5035?
53
Let d(v) = -8*v + 45. Let f be d(5). Suppose -4*c + 14*g + 770 = 9*g, -c = -f*g - 200. Calculate the greatest common factor of 60 and c.
10
Let q be 72556/1394 + 4/(-82). What is the greatest common divisor of q and 2691?
13
Let z(m) = -m + 177. Let l be z(0). Let d = l + -114. Suppose -94*i + 428*i - 3006 = 0. Calculate the greatest common divisor of d and i.
9
Let o(p) = p + 430. Let r be o(-17). Calculate the highest common divisor of r and 28.
7
Suppose y = -27*v + 25*v, 18 = 5*y + v. Suppose -j = 5, -5*j + 1 = -y*q + 5*q. Calculate the highest common divisor of q and 286.
26
Let i = -21138 - -22948. What is the greatest common factor of i and 250?
10
Let p = 16427 - 9762. What is the greatest common divisor of 465 and p?
155
Suppose 39*g - 16495 = -143*g + 6437. Let q be -3*(20/(-3) + 2). Calculate the highest common factor of q and g.
14
Suppose -r = 28*r - 20416. Suppose 0*m = -22*m + r. Calculate the highest common divisor of 320 and m.
32
Let t be ((-4)/2 - (-252)/119) + (-12644)/(-34). Calculate the highest common factor of t and 5487.
93
Let t(y) = 4*y**2 + 247*y + 450. Let j be t(-61). What is the highest common factor of 2314 and j?
89
Suppose 0 = -k - 2*c - 7, 3*c + 11 = -2*k + k. Let z be (-3)/6*(66 + (-4)/(-2)). Let u = z + 42. Calculate the greatest common divisor of k and u.
1
Suppose 0 = 2*r + 3*s - 520, 0*s - 3*s = 3*r - 780. Suppose 55*g - 1370 = 1490. What is the highest common divisor of r and g?
52
Let a(x) = x + 1. Let c be a(-1). Suppose -3*m = -c*m - 57. Suppose 0 = -n - 7 + m. Calculate the greatest common divisor of n and 132.
12
Let k be (-5)/2*(13 + 462/(-30)) + 312. Calculate the greatest common factor of k and 1802.
106
Let v be ((-2)/(-9)*(175 + -1))/(2/6). What is the greatest common factor of v and 11716?
116
Let v(s) = -s**3 + 64*s**2 - 194*s + 683. Let z be v(61). What is the greatest common divisor of z and 2994?
6
Let m(k) = -106*k - 275. Let x(i) = -110*i - 277. Let b(n) = 5*m(n) - 4*x(n). Let a be b(-4). What is the greatest common factor of a and 31?
31
Suppose 7842 = 24*v - 9294. Calculate the highest common factor of v and 420.
42
Let s be (1434 + 0 - 0) + (-816 - -807). What is the highest common factor of s and 125?
25
Let z be -12*(-1 - 0)*1. Suppose 60302 + 84886 = 327*a. What is the highest common divisor of z and a?
12
Let f = 54 + -265. Let j = f - -301. What is the greatest common divisor of j and 54?
18
Suppose -167*g - 28 = -1698. What is the greatest common divisor of g and 20?
10
Suppose 7*l - 4*l - 21 = 0. Let a(v) = -v**2 + 9*v + 7. Let j be a(l). Suppose 224*f - 48*f + 126 - 654 = 0. What is the highest common factor of f and j?
3
Let m = -331 + 336. Let z be 6/m*680/3. What is the highest common factor of z and 17?
17
Suppose 6*r + 955 = r. Let z = r - -310. Let y = -65 + z. What is the highest common divisor of 81 and y?
27
Suppose -3*h = -4*m - 57, 0 = m - 0*m + h + 9. Let c = -1123 - -1113. Let d = c - m. What is the greatest common divisor of 6 and d?
2
Let x = 127 + -89. Suppose -i - x = -0*q - 3*q, -2*q - i + 22 = 0. Let z be (-18*(-11)/44)/((-6)/(-128)). Calculate the highest common factor of q and z.
12
Let z be 11/(66/4) - 4030/(-30). What is the highest common divisor of z and 243?
27
Let w(i) = 4*i**3 + 13*i**2 - 18*i - 27. Let q be w(-3). Let t be ((-2)/5)/((-7)/420). Calculate the greatest common factor of t and q.
12
Let s(k) = -k**3 - k**2 + k + 30. Let z be s(0). Let b = -40983 + 41085. What is the greatest common factor of z and b?
6
Suppose i + 3100977 = 661*i + 387057. Calculate the greatest common divisor of 128 and i.
16
Let q(s) = 30*s**2 - s + 1. Let h be q(1). Let m = -59 - -65. Let w be 74/6 + (2/m)/(-1). Calculate the highest common factor of h and w.
6
Let g(x) = -2*x**2 - 16*x - 17. Let s be g(-4). Suppose -y - s - 6 = -3*b, 0 = -3*b + 4*y + 12. What is the greatest common divisor of b and 64?
8
Let u = -6096 + 6156. What is the greatest common factor of u and 135?
15
Suppose 0 = -2*o - 4*p + 134, 0*o = 5*o - 5*p - 350. What is the highest common factor of 6 and o?
3
Suppose -m - 34 = 5*l, -32*l = -31*l + 8. Suppose -3*y = 232 - 808. What is the greatest common factor of m and y?
6
Let g = -11 - -91. Let c be (-1088)/320 + 2/5. Let j(h) = -h**3 - 11*h - 28. Let z be j(c). What is the greatest common divisor of z and g?
16
Let f(t) = -4*t**3 + 22*t**2 + 4*t. Let n be f(5). What is the highest common divisor of 98 and n?
14
Let u be (-8)/20 + (-8)/(-20). Suppose -l + 2*l - 3*l = u. Suppose -k = -f - 2 - 0, l = -f + 3*k - 12. Calculate the highest common factor of f and 9.
3
Suppose -1770*h - 1054 + 33198 = 526*h. Let l(x) = -70*x - 1. Let d be l(2). Let m = d + 197. What is the greatest common factor of h and m?
14
Let t = 5763 + -1869. What is the greatest common factor of t and 198?
66
Suppose -o = 7*v - 8*v + 142, -4*v = 5*o - 577. What is the highest common divisor of 6721 and v?
143
Let f(q) = -10*q + 70. Let w be f(7). Suppose 8*m - 288 = -w*m. Calculate the greatest common factor of 